) + 43.
30
What is 2 + -120 + 21 - 4?
-101
Evaluate 21 + 75 + -55 + -34.
7
What is -4422 + 4374 - (3 - -11 - -3)?
-65
(19 - 20) + 1 + (-2 - 4)
-6
What is the value of 5 - 47 - -32 - (-3 + (-1 - 3 - 13))?
10
(15 - (19 + -32 - -13) - 13) + -74
-72
What is (2 - 0 - (4 - 3 - 5)) + (-195 - -200)?
11
What is (12 + -22 - -9) + (-30 + -10 - -1)?
-40
Evaluate (10 - -1) + (13 - (39 - 6) - -6 - -69).
66
Calculate 0 - (-17 + 7) - 56.
-46
Evaluate 168 - 205 - (-27 + 6).
-16
What is the value of (4 - -1 - (3 - -11)) + 6 + -6 + -4?
-13
Evaluate -7 - (-21 - (-36 + 34 + 11 + -4)).
19
What is -48 + 16 - 31 - (-17 - 0)?
-46
Evaluate 3 + -12 + 4 + -20 + 16.
-9
Evaluate (-4 - (7 + 1)) + (-21 - -30 - (-76 - 1)).
74
Calculate 0 - (-2 - (1 + 0)) - (-302 + 304) - -19.
20
Calculate 2 - (96 + (1 - 1) + 855 + -845).
-104
Evaluate 80 + 31 + (27 - 230).
-92
What is 25 + 5 + -360 + 374?
44
What is 6 - -1 - (66 + -22 - (-9 - -32))?
-14
1 + (-17 - -6) - (-3 - -21 - (-37 + 85))
20
What is the value of 46 - (21 + 79 + -21)?
-33
(-458 - -517) + (3 - -10)
72
What is 15 - (-9 - 47) - 26?
45
Calculate -1 + -1 + (4 + -2 - 3) + (394 - 356).
35
Evaluate (-8 - (-21 - -7)) + (-42 + 7 - -53).
24
Evaluate 8 + -119 + 35 + 26.
-50
Calculate 105 + 7 + (514 - 567).
59
49 - ((1 + 10 + -14 - 1) + 4 + 4)
45
Calculate -16 + 68 + (-148 - 40).
-136
What is the value of 70 - (47 + -72 - -28)?
67
Evaluate -8 - (-20 - (28 + -31 + 14)).
23
Calculate (-101 - -238) + -138 - -38.
37
What is (105 - (-79 - -166)) + (0 - 7) - (0 + 45)?
-34
What is the value of -22 + 3 + (3 - 0 - -1) + -159 + 160?
-14
Calculate -7 + 2 - (0 + -4 + 35) - (-21 - -25).
-40
What is the value of 68 + (-5 + -9 + -1 - -16 - -3)?
72
Evaluate (1 - (1 + -2 - 1)) + (209 + -100 - 53).
59
Evaluate -1 - 24 - (1434 - 1458).
-1
What is 23 + 10 + (6 - (2 - -2))?
35
What is the value of 21 + 67 + 13 + -56?
45
Evaluate 34 - 21 - ((-11 - 49) + 79).
-6
Calculate 24 + (-13 - (-6 - -5)) + 27.
39
Calculate -4 + (0 - 0) - (10 - (36 + 29)).
51
What is -49 - (24 - (16 + 8 + -17))?
-66
What is the value of -17 + 16 + -11 + 1 + 0 + -1 + -8?
-20
What is the value of (-7 + -1 - (-13 + -15 + 31)) + 7 + -25?
-29
2 - 35 - (638 - 660)
-11
What is the value of (20 - (3 + -4)) + 4044 + -4133?
-68
What is the value of 20 + (8 - ((-2 - (13 - -9)) + 17))?
35
Evaluate 0 + 24 - (-77 + 90 + -24).
35
What is -2 + -3 + 8 + 64 - (4 + 2)?
61
What is (8 - (12 - -15)) + (3 - (-8 - -4 - -2))?
-14
What is -4 + (11 - (-9 - (13 - 24)))?
5
Evaluate (-85 - -79) + 5 + -9 - -76 - (10 - 1).
57
What is the value of -27 + (0 - -4) + -2 - (39 + -31 - 2)?
-31
158 + (-8 - (33 - (4 + (38 - 22))))
137
What is -11 + 9 + 2 + 22 + -88?
-66
What is the value of (-3 - (-17 + 27) - -20) + -16?
-9
Evaluate (-53 + 20 - -24) + 36 + (6 - (-3 - -5)).
31
What is 11 + (-26 + 8 - (17 + -25))?
1
-41 + 9 + (2 - -28 - 25)
-27
What is -8 + -10 + 6 + (20 - -21)?
29
Calculate 31 + (-19 - (-19 + 0)) + (-9 - -3).
25
-343 - -287 - (7 + -54)
-9
Calculate 46 - 31 - (7 - (0 - (9 + -4))).
3
Calculate (-25 - 3) + -196 + 193.
-31
What is the value of (-4 - -15 - 1) + -3 + (-8 - -12) + -11?
0
What is the value of -52 + 42 + (-119 - (-12 + (5 - -6) + -10))?
-118
0 + (42 - 24) + 31
49
What is the value of 95 - 46 - 213 - -82?
-82
What is (-3 - (16 + (-1 - 16))) + 66?
64
109 + (47 - (102 + -22))
76
What is the value of 57 - (29 - (22 - 11)) - -5?
44
-6 + (4 - (-49 + -4)) - ((-2 - 28) + 38)
43
Evaluate -42 + (-23 - -12) - (33 - 8).
-78
-24 - (-23 + -24) - -6 - (9 - -4)
16
13 + -7 + 8 - (-2 - -6) - (8 + 13)
-11
Evaluate 37 + -40 + (-3 - (16 - 24)).
2
What is the value of -4 + -15 + (0 - (-62 - 19))?
62
Evaluate 80 - 80 - (19 - (2 - -18)).
1
Calculate (-91 - (63 - 143)) + (-2 + 74 - (1 + 1)).
59
-23 - ((-65 - 3) + 0 + 1237 + -1238)
46
Evaluate 21 + -14 + (11 - 25) + 7 + 34.
34
What is -56 + 12 + -19 + (-10 - (-2 + -9) - 3)?
-65
What is -414 - -418 - (-2 - -4 - (19 + -8))?
13
Evaluate 5 + (38 - (-14 - -159)) + -1 + 12.
-91
What is the value of -21 - (-65 + 60 + -20 + 2) - (14 + 1)?
-13
What is -4 + 0 + -1 + 86 + -14 - (10 - 5)?
62
What is -31 + (-12 - (-24 - -13)) + (-9 - -1)?
-40
Evaluate 24 + (19 - 24) + 14 + -7.
26
Evaluate -27 + (-17 - 6) + 62 + 86.
98
What is the value of (316 - 342) + 6 + 4?
-16
Calculate (-203 + 1 - -178) + (0 - -88).
64
Calculate 6 + (-219 - -196) + -8 + -1.
-26
Evaluate (31 - 2) + (-364 - -337).
2
What is 56 + (-10 - (6 - 11) - (9 + -9))?
51
Evaluate (1 + 59 - (5 - (3 + 13))) + (41 - 34).
78
75 - (47 - (74 + -49))
53
30 + -104 - (8 - (22 - 39))
-99
Calculate (-1 - (40 - -1)) + -13 + (61 - (16 + 22)).
-32
Calculate (-32 - -7 - -23 - 12) + (-1 - -17).
2
-4 - (-6 + -2) - 1 - -79 - (-468 - -458)
92
What is the value of 66 - -19 - 120 - -27?
-8
(6 - 55) + -29 + (-14 + 15 - 2)
-79
Calculate -13 + -32 - (-17 + 2 + -1 + 8).
-37
(-36 - 54) + 96 - (7 + -6 - (1 - -32))
38
Evaluate 0 + 7 - (-6 + 1) - (0 - (40 - 28)).
24
What is the value of 6 + -15 + 16 + 2 + -29?
-20
Calculate 17 + (-2 + 6 - (-12 + -6 + 8)).
31
Evaluate -48 - (-20 - 16) - -26.
14
What is 14 + 70 - (-791 - -753)?
122
What is the value of -39 + (39 - (43 + -13))?
-30
Evaluate 6 + (-38 - -4 - 11).
-39
-69 - (8 + -3 + (-1 - 5) - (-1 - -3))
-66
Calculate -177 + 120 + 162 + -69.
36
What is the value of 55 + 49 + -65 - 57?
-18
Evaluate -3 + -5 - (-45 + -9).
46
(-22 - -40) + 4 + -47 + 0 + -7
-32
Evaluate 4 + 1 + (-20 - -7 - (19 + -23)) - -59.
55
(-1 - -44) + (-16 - 2) + 58 + -57 + 26
52
What is -1626 + 1665 + -1 + 22?
60
Calculate (5 - 134) + 201 + -132.
-60
Evaluate -3 + 8 + 5 + (2 - 22) + 7.
-3
Evaluate (-3 - (-15 + 15 - -29)) + -7.
-39
(-126 - -145 - (0 + -2)) + (-8 - -20)
33
Evaluate 20 + -22 - ((6 - -5) + -16 - 56).
59
What is the value of (-3 + -1 - 1) + (94 - 59)?
30
3 - -28 - (-1 + (184 + -185 - (-5 - -1)))
29
What is -9 + 14 + (-5 - 6) - -51?
45
What is the value of -1 - 6 - (-75 + 55 + 63)?
-50
-47 - (1 + 11 + 8 + -21 - -6)
-52
-18 + 11 - (7 + (-6 - 6 - 2) + 9)
-9
What is 55 - ((-1 + 4 - (-120 - -106)) + -33)?
71
70 - (44 + (-2 - 5))
33
Evaluate -43 + -4 - ((4 - 18) + -3 + 11 + -3).
-38
1 + (22 - 9) + (43 - 4) + 0
53
What is -173 - -162 - (-28 + (0 - -3)) - (26 + 84)?
-96
What is (-59 - (-35 + -1)) + 32 + 22?
31
Evaluate (5 - (-1 - -10)) + -141 + -18 + -15 + 45.
-133
64 - (-2 + 89 + -83)
60
What is the value of 0 + 22 + -9 + -8 - (-22 + (10 - -162))?
-145
Calculate -3 + -126 + (6 - -46 - 56) + (3 - 10).
-140
What is 1 + 22 + (2 + 15 - 5)?
35
What is (6 - 11) + -51 + -5 - (-23 + 5 + 6)?
-49
Evaluate -89 + 0 - ((-3 - -12) + (-4 - 15)).
-79
What is (-3 - (-1 + -2 + -43)) + 212 + -227?
28
What is -39 - 0 - (-22 - (7 + -1 - (410 - 385)))?
-36
-1 + -8 + (-43 - (-57 - -54)) - 1 - 5
-55
What is -3 + (-2 - -3) + (-11 - (8 + -16))?
-5
Evaluate -16 + 45 + (-14 - -26) + (9 - -6).
56
-66 + 44 + 1 + 9 - (42 + 7)
-61
What is the value of (74 - (56 - 24)) + -57?
-15
(-8 - -10) + 0 - (-3 + 19 + 16)
-30
17 + (9 + 15 - 30) - -20
31
What is the value of (33 - 1) + -21 + -4 + -65?
-58
Evaluate -11 - (0 + -21 + 10 + 10).
-10
Calculate 7 - (-3 - -6) - (-111 + (73 - -34)).
8
Calculate -11758 - -11797 - (-1 + 0 + 18).
22
Evaluate 11 + 1 - (-36 + -35 + 71 - -75).
-63
What is -66 - -27 - (56 + -76)?
-19
Calculate -202 - -315 - (7 + 15 + 5 + -7).
93
What is -2 - (41 - (114 + -44))?
27
Evaluate 31 + (13 - 25) + -19 + 73.
73
What is (17 - -56) + (-146 - -115)?
42
Calculate 93 - (-1 - (-9 + 0)) - (0 + 11).
74
Calculate (-68 + 11 - 6) + (6 - 2) + -4.
-63
-75 + (-32 - -8) + 108
9
What is -2 + -3 - (91 - 43 - 54)?
1
What is the value of -11 + -7 + (127 - 143)?
-34
What is 3 + -4 - (19 - (-1 + 23))?
2
Calculate -42 + -1034 + 1032 + 10 + 1 + 0.
-33
23 + 12 + (-31 - 30) + 29
3
Calculate (20 - 24) + (-18 - 1) + (75 - 65) + -29.
-42
What is 8 - (-1 + (-6 - (3 + 5)) + -3 + 11)?
15
Calculate 23 + 1 - (-20 + (-5 - -22)).
27
-23 + (-12 - (6 + -10) - 2) + 7
-26
Evaluate (30 - (-31 + 88)) + 13 + -42.
-56
What is the value of 529 - 571 - (50 - 3)?
-89
Evaluate -22 + 10 + (-9 - -2 - -6).
-13
Calculate -49 + 39 - -1 - 1.
-10
What is 128 + (-1 + 6 - (-97 - -118)) + -33 + 60?
139
Evaluate -20 + -2 + -1 + (-26 + -16 - -34).
-31
58 + -54 - -7 - 46
-35
51 + (-96 - -58) - 29
-16
Evaluate (-28 - (51 + -2)) + 87.
10
Calculate 34 + -14 - (-9 + 3).
26
What is the value of (3 - 0 - -4 - 1) + 3 - 